*q**3 + 11*q**2 + 6*q - 18. Let y(l) = -l**2 - l + 47. Let f be y(-7). What are the prime factors of g(f)?
2, 353
Let k = -216 + 216. Suppose -3*z = 2*h - 676 - 25, k = 5*h + 10. List the prime factors of z.
5, 47
Suppose 4*i = -23 - 13. Let m(k) = -58*k - 24. List the prime factors of m(i).
2, 3, 83
Let k(l) be the second derivative of 121*l**3/2 - 6*l**2 + 37*l. List the prime factors of k(1).
3, 13
Suppose -2 - 114 = 29*v. What are the prime factors of (30/6 - -1437) + v?
2, 719
Suppose 0 = -32*b + 11332 + 3066 + 5442. What are the prime factors of b?
2, 5, 31
Suppose 0 = 17*y + 1121 - 118. Let z = y + 514. What are the prime factors of z?
5, 7, 13
What are the prime factors of (-203806)/(-4) - (-756)/168?
2, 12739
Suppose 4*n = 4*r + 184, 0 = -4*r + 3*r - 1. Let t be 60/n*1/(2/(-78)). Let w = t + 160. List the prime factors of w.
2, 3
Suppose 80*v = 200*v + 98*v - 10254720. List the prime factors of v.
2, 3, 5, 7
Let j(s) = s**3 - s**2 - 2*s - 21. Let h be j(0). Let u be (-6)/h + 10537/(-7). List the prime factors of (8/10)/((-14)/u).
2, 43
Let t(y) = 0*y**2 - 14*y - 29 - 18*y - y**2. Let i be t(-21). Let j = i - 135. List the prime factors of j.
67
Let m = -14 - -247. Suppose -697 + m = -2*w. Suppose -w = -3*v + 2*v. What are the prime factors of v?
2, 29
Suppose -i - 4160 = 2*a + 4*i, 4*i = 0. Let w = a + 3891. What are the prime factors of w?
1811
What are the prime factors of ((-315)/30 - -11)*24962?
7, 1783
Let i = 2 - 121. Suppose -4294 = -19*z - 0*z. Let j = i + z. List the prime factors of j.
107
Let u be ((-9)/1 - -8)/(1 + -2). Let t be (u/1 - 909)*1/(-2). Suppose -t = -2*g + k, -605 = -3*g - 5*k + 102. What are the prime factors of g?
229
Let v = -23242 + 47043. List the prime factors of v.
23801
Let y be 10/(5 + 70/(-15)). List the prime factors of (-64)/480 - (-7864)/y.
2, 131
Let f(x) be the second derivative of 1/3*x**3 + 1/4*x**4 - 6*x**2 + 0 - 15*x. What are the prime factors of f(-4)?
2, 7
Suppose -624295 = -89*j - 679525 + 3200312. What are the prime factors of j?
2, 17669
Suppose -80 = -7*k + 18. Let i(q) = -q**2 - q + 11. Let g be i(k). Let t = -81 - g. What are the prime factors of t?
2, 59
Let s(g) = 8*g - 37. Let q be s(5). Suppose 4*f + 965 = q*a, -4*a - 1214 = -3*f + 8*f. Let m = f - -395. What are the prime factors of m?
3, 17
Suppose 3*w - 3*g = -1824, 2*g + 1625 + 199 = -3*w. What are the prime factors of (-1)/((4 - -2) + -5) - w?
607
Let v(y) = y**3 - 26*y + 301. What are the prime factors of v(25)?
2, 3, 19, 67
Let o(g) = -2*g**2 - 2*g + 4. Let t be o(1). Suppose -28*c + 20*c + 5872 = t. List the prime factors of c.
2, 367
Let r = -8 - -16. Suppose 0 = -t + 3*t + 5*c + r, 0 = t + c + 1. List the prime factors of 3*1 + (t - -38).
2, 3, 7
Let t = 7528 - 4320. List the prime factors of t.
2, 401
Let w = 49 + -43. Let v be 216/(-6)*(-3)/w. Suppose v*l - 23*l = -75. What are the prime factors of l?
3, 5
Let p(y) = 725*y - 54. Let n be p(11). Suppose 0 = 16*w - n - 5471. What are the prime factors of w?
3, 31
Suppose -31*c - 95593 = -651333 - 13017. List the prime factors of c.
7, 2621
Let a = 97 + -99. Let b be (16 - -5)*(4/(-3) - a). Suppose g = 195 + b. List the prime factors of g.
11, 19
Suppose 4390 = -15*i + 24550. Let z = i + -377. What are the prime factors of z?
967
Let a = 565 + -531. Let z = a - -301. List the prime factors of z.
5, 67
Let w(k) = -165*k**2 - k + 180*k**2 - 5*k + 4. Let i be w(-5). Let d = 591 - i. List the prime factors of d.
2, 7, 13
Let u(z) = 1064*z + 37. What are the prime factors of u(8)?
83, 103
Let b(k) = 2*k + 17. Let h be b(6). Let r = -29 + h. Suppose -n + 368 = 5*a, -4*n + 0*n - 8 = r. List the prime factors of a.
2, 37
Let k be (20/15)/((-1)/(-1863)*2). Suppose -13*x + k + 2918 = 0. Suppose -2*i + 6*a - 5*a + x = 0, -i = a - 157. List the prime factors of i.
3, 53
Let r = 2 + -64. Let g = r - -62. Let l(w) = w**2 + 2*w + 86. What are the prime factors of l(g)?
2, 43
Suppose 2*p - 331814 = -37*p + 221596. What are the prime factors of p?
2, 3, 5, 11, 43
Let k(y) = 11703*y + 15. What are the prime factors of k(6)?
3, 41, 571
Let s(h) = h**3 + 4*h**2 - 5*h + 6. Let m(i) = -i**3 - 4*i**2 + 6*i - 5. Let l(o) = -4*m(o) - 5*s(o). List the prime factors of l(-7).
2, 5, 13
Let f(y) = y**2 - 21*y + 3. Let p be f(23). Let s(m) = -m**2 + 5*m + 1. Let l be s(4). Suppose -l*j + 41 = -p. What are the prime factors of j?
2, 3
Let v(i) be the first derivative of 3 - 1/2*i**2 + 30*i. List the prime factors of v(-11).
41
Suppose 124620 = -2671*d + 2686*d. What are the prime factors of d?
2, 31, 67
Suppose -211 = 20*z - 1051. Let v = 281 + z. What are the prime factors of v?
17, 19
Suppose 0 = -17*q - 0*q. Let f be 666 - (2 - q/5). Suppose 7*i = -i + f. List the prime factors of i.
83
Let a = 1889 + 245. Suppose a = c + c. What are the prime factors of c?
11, 97
Suppose 11*l + 19 = 140. Suppose 0 = l*f + 3*f - 476. List the prime factors of f.
2, 17
Suppose 2 = 6*n - 5*n. Suppose -n*x - 65 = -2165. Suppose m - 7*m = -x. What are the prime factors of m?
5, 7
Let t be 1 - (-2 - -5)*-1. Suppose 0 = 2*r - 2*p + 186 + 176, t*p = 2*r + 354. Let k = r + 276. What are the prime factors of k?
7, 13
Suppose 180*v = 181*v + 1. Let q(r) = -35*r + 10. List the prime factors of q(v).
3, 5
Suppose 0 = -3*z + 4*g + 5, 0*z = 2*z + 2*g - 22. Let r(c) = -c + 627. Let l be r(-15). Suppose l = -z*j + 13*j. List the prime factors of j.
107
What are the prime factors of ((-2184)/63 - -21)*-309*1?
41, 103
Suppose 5*d = 2*d + 6, -4*d = -3*i + 7078. Let k = i - 1475. What are the prime factors of k?
887
Suppose -3*k - 8054 = 4*w - 26438, 4*k + 4615 = w. Suppose -25*c - w = -34*c. What are the prime factors of c?
7, 73
Let z(p) = 13914*p + 104. Let n be z(-5). What are the prime factors of ((-10)/(-4) + -2)*n/(-47)?
739
List the prime factors of 8150 + (-18)/3 - (10 - 5)/5.
17, 479
Let t = 19074 + -11052. What are the prime factors of t?
2, 3, 7, 191
List the prime factors of (-3)/(-12) + 1117710/72.
2, 3881
Let j(z) = 2*z**2 - 18*z - 3042. List the prime factors of j(136).
2, 19, 829
What are the prime factors of ((-2380)/280)/((-351)/(-354) + -1)?
17, 59
Let t(r) = 93*r + 2. Suppose -8*h = -98 + 42. What are the prime factors of t(h)?
653
Suppose -2*j = -2*g - 6, 6 = -j - 2*j. Let h be ((-2)/(-2))/(6/(-570)*g). Suppose -h*a = -17*a - 122. What are the prime factors of a?
61
Let t(d) = d**2 + 8*d + 10. Let p = -36 + 28. Let m be t(p). Let c = m + 52. List the prime factors of c.
2, 31
Suppose 9*z = 636 + 1034 + 1696. Suppose 5*j + 5*h - 2735 = 0, 2*j + 3*j - 5*h - 2715 = 0. Let a = j - z. List the prime factors of a.
3, 19
Let b(m) = 2*m**2 - 14*m - 55. Let d(j) = -10*j**2 + 70*j + 276. Let w(i) = 11*b(i) + 2*d(i). List the prime factors of w(-14).
5, 107
Let o(x) = 450*x**3 + 123*x**2 - 6*x + 12. List the prime factors of o(4).
2, 3, 11, 233
Suppose -113*o + 48950 = 5*w - 118*o, 0 = 3*w + 5*o - 29346. List the prime factors of w.
9787
Let y = 64046 - 44685. What are the prime factors of y?
19, 1019
Let w be -4*((-2)/(-4))/((-2)/18). Suppose 3*p + 3045 = w*p. What are the prime factors of p?
7, 29
Suppose -4*w + 1 + 11 = 0. Let t = w - 46. Let o = t - -97. List the prime factors of o.
2, 3
Let y(u) = -8*u**3 + 24*u**2 + 7*u. Let o(m) = -4*m**3 + 11*m**2 + 4*m. Let b(n) = 5*o(n) - 2*y(n). List the prime factors of b(-3).
3, 17
Suppose -2*a + k - 20 = -4*k, 4*a + 40 = -5*k. Let s(x) = -x**2 - 8*x + 44. Let p be s(a). Suppose -r = -p - 3. What are the prime factors of r?
3
Suppose c + 3*c + 52 = 0. Let m(d) = -947*d - 953*d + 8 + d**2 - 944*d + 2849*d. List the prime factors of m(c).
2, 7
Let q be (-726)/36 + (-2)/(-12). Let d be 5*(-2)/q*14. Let v(o) = 4*o - 10. What are the prime factors of v(d)?
2, 3
Let t = 1262 - 1218. Let p(n) = 2*n + 1. Let j be p(2). Suppose j*f - 4*q = 670, -90 - t = -f - q. What are the prime factors of f?
2, 67
Let f(m) = -4*m**3 - 7*m**2 - 7*m + 18. Suppose -27 = 3*b + 20*r - 17*r, 3*r + 39 = -5*b. List the prime factors of f(b).
2, 3, 7
Let b = 65 + 117. Let m = b + 18. What are the prime factors of m?
2, 5
Let n be (3 - 3) + (-270)/(6 - 1). Let j be (-4440)/n + 3*(-6)/81. Suppose -j = 2*r - 4*r - 2*k, -3*k - 143 = -4*r. What are the prime factors of r?
2, 19
Suppose -3*w + 18 = -x - 14, 58